{"id":280,"date":"2021-10-15T14:05:51","date_gmt":"2021-10-15T12:05:51","guid":{"rendered":"https:\/\/pho3nix-kids.com\/polska\/?page_id=280"},"modified":"2021-10-27T09:56:50","modified_gmt":"2021-10-27T07:56:50","slug":"regulamin-konkursu-na-platformie-video","status":"publish","type":"page","link":"https:\/\/pho3nix-kids.com\/polska\/regulamin-konkursu-na-platformie-video\/","title":{"rendered":"Regulamin Konkursu na Platformie Video"},"content":{"rendered":"\n<p><strong>Regulamin Konkursu<\/strong><\/p>\n\n\n\n<h4 class=\"wp-block-heading\"><strong>Postanowienia og\u00f3lne<\/strong><\/h4>\n\n\n\n<ol class=\"wp-block-list\" type=\"1\"><li>Niniejszy Regulamin (dalej \u201e<strong>Regulamin<\/strong>\u201d) okre\u015bla warunki konkursu realizowanego pod nazw\u0105 \u201eKonkurs Miko\u0142ajkowy\u201d (dalej \u201c<strong>Konkurs<\/strong>\u201c) b\u0119d\u0105cego cz\u0119\u015bci\u0105 akcji \u201ePho3nix Active School\u201d<\/li><li>Konkurs oraz Akcja s\u0105 realizowane za po\u015brednictwem strony internetowej Pho3nix Kids: https:\/\/pho3nix-kids.com\/ (dalej \u201e<strong>Portal<\/strong>\u201d). Zasady przetwarzania danych osobowych u\u017cytkownik\u00f3w Portalu oraz Uczestnik\u00f3w Konkursu okre\u015bla polityka prywatno\u015bci Pho3nix udost\u0119pniona na Portalu (dalej \u201e<strong>Polityka Prywatno\u015bci<\/strong>\u201d).<\/li><li>Warunki u\u017cytkowania Portalu okre\u015blaj\u0105 warunki u\u017cytkowania udost\u0119pnione na Portalu (dalej \u201e<strong>Warunki<\/strong>\u201d).<\/li><li>W\u0142a\u015bcicielem Portalu jest fundacja Pho3nix Stiftung z siedzib\u0105 c\/o Iatesta AG, Via Somplaz 1, 7500 St. Moritz, Szwajcaria, wpisana do szwajcarskiego rejestru handlowego kantonu Gryzonia pod numerem CHE-169.567.607 (dalej \u201e<strong>Pho3nix<\/strong>\u201d).<\/li><li>Organizatorem Konkursu jest partner lokalny Pho3nix na terytorium Rzeczypospolitej Polskiej \u2013 Klub Sportowy Tri Tour z siedzib\u0105 w Poznaniu przy ul. Smardzewskiej 21\/4, 60-161 Pozna\u0144, Polska, wpisany do ewidencji uczniowskich klub\u00f3w sportowych i klub\u00f3w sportowych dzia\u0142aj\u0105cych w formie stowarzysze\u0144, kt\u00f3rych statuty nie przewiduj\u0105 prowadzenia dzia\u0142alno\u015bci gospodarczej prowadzonej przez Prezydenta Miasta Poznania pod pozycj\u0105 ST 292, NIP 9721247020 (dalej \u201e<strong>Organizator<\/strong>\u201d).<\/li><li>Udzia\u0142 w Konkursie oznacza akceptacj\u0119 zasad Konkursu zawartych w Regulaminie, a tak\u017ce Warunk\u00f3w, kt\u00f3rych Uczestnik zobowi\u0105zuje si\u0119 przestrzega\u0107.<\/li><li>Udzia\u0142 w Konkursie jest bezp\u0142atny.<\/li><li>Konkurs rozpoczyna si\u0119 w dniu <strong>8.11.2021 r.<\/strong> o godzinie <strong>10:00<\/strong>, a ko\u0144czy si\u0119 dnia <strong>30.11.2021 r.<\/strong> o godz. <strong>23:59<\/strong> (dalej &#8222;<strong>Czas Trwania Konkursu<\/strong>&#8222;).<\/li><li>Konkurs odbywa si\u0119 na terytorium Rzeczypospolitej Polskiej.<\/li><\/ol>\n\n\n\n<h4 class=\"wp-block-heading\"><strong>Warunki uczestnictwa w Konkursie<\/strong><\/h4>\n\n\n\n<ol class=\"wp-block-list\" type=\"1\"><li>Uczestnikiem Konkursu, zwanym dalej \u201e<strong>Uczestnikiem<\/strong>\u201d, mo\u017ce by\u0107 osoba fizyczna, kt\u00f3ra spe\u0142nia wszystkie poni\u017csze warunki:<\/li><li>nie uko\u0144czy\u0142a 16 (szesnastego) roku \u017cycia;<\/li><li>jest uczniem jednej z 200 szk\u00f3\u0142, kt\u00f3ra zg\u0142osi\u0142a sw\u00f3j udzia\u0142 w Konkursie wype\u0142niaj\u0105c formularz dost\u0119pny pod adresem: &nbsp;<a href=\"https:\/\/forms.gle\/bT1dVf18Djo5RJrFA\">https:\/\/forms.gle\/bT1dVf18Djo5RJrFA<\/a> (dalej \u201e<strong>Szko\u0142y<\/strong>\u201d), oraz kt\u00f3ra zosta\u0142a zakwalifikowana do Konkursu oraz otrzyma\u0142a drog\u0105 mailow\u0105 potwierdzenie kwalifikacji do Konkursu; Organizator zastrzega, \u017ce Konkurs jest zaadresowany do uczni\u00f3w nie wi\u0119cej ni\u017c 200 szk\u00f3\u0142, dlatego w razie wype\u0142nienia formularza przez wi\u0119cej ni\u017c 200 szk\u00f3\u0142 Organizator b\u0119dzie uprawniony do odmowy zakwalifikowania danej szko\u0142y do udzia\u0142u w Konkursie wed\u0142ug dowolnie obranych przez siebie kryteri\u00f3w;<\/li><li>posiada Konto Ucze\u0144 utworzone zgodnie z Warunkami;<\/li><li>uzyska\u0142a zgod\u0119 na udzia\u0142 w Konkursie swojego rodzica posiadaj\u0105cego pe\u0142ni\u0119 w\u0142adzy rodzicielskiej lub opiekuna prawnego uprawnionego do samodzielnego decydowania o interesach osobistych i maj\u0105tkowych Uczestnika (dalej \u201e<strong>Opiekun<\/strong>\u201d). Wyra\u017cenie tej zgody nast\u0119puje na zasadach okre\u015blonych w Warunkach dla za\u0142o\u017cenia Konta Ucze\u0144, to jest poprzez klikni\u0119cie przez Opiekuna w link aktywacyjny, kt\u00f3ry zostanie wys\u0142any na jego adres e\u2011mail Opiekuna podany przez Uczestnika przy rejestracji Konta Ucze\u0144, co nast\u0105pi w momencie wystosowania przez Uczestnika pro\u015bby o za\u0142o\u017cenie Konta Ucze\u0144;<\/li><li>nie jest pracownikiem lub osob\u0105 wsp\u00f3\u0142pracuj\u0105c\u0105 na innej podstawie ni\u017c stosunek pracy z Organizatorem lub Pho3nix, ani cz\u0142onkiem ich rodzin; przez rodzin\u0119 rozumie si\u0119 ma\u0142\u017conka, wst\u0119pnych, zst\u0119pnych, ma\u0142\u017conka, powinowatych oraz osoby pozostaj\u0105ce w stosunku przysposobienia.<\/li><li>Podanie danych w zwi\u0105zku z za\u0142o\u017ceniem Konta Ucze\u0144, jak r\u00f3wnie\u017c z\u0142o\u017cenie wszelkich o\u015bwiadcze\u0144, udzielenie wszystkich zg\u00f3d i zezwole\u0144, o kt\u00f3rych mowa w Regulaminie jest dobrowolne, aczkolwiek niezb\u0119dne do udzia\u0142u w Konkursie.<\/li><li>Uczestnik mo\u017ce w ka\u017cdej chwili zrezygnowa\u0107 z udzia\u0142u w Konkursie poprzez usuni\u0119cie Konta Ucze\u0144, co nast\u0119puje na zasadach okre\u015blonych w Warunkach. &nbsp;<\/li><li>Organizator zastrzega sobie prawo do wykluczenia Uczestnika z udzia\u0142u w Konkursie w przypadku naruszenia przez Uczestnika postanowie\u0144 Regulaminu lub Warunk\u00f3w. Decyzja Organizatora o wykluczeniu Uczestnika z udzia\u0142u w Konkursie jest ostateczna.<\/li><\/ol>\n\n\n\n<h4 class=\"wp-block-heading\"><strong>Zasady Konkursu i wy\u0142aniania Zwyci\u0119zc\u00f3w<\/strong><\/h4>\n\n\n\n<ol class=\"wp-block-list\" type=\"1\"><li>Zwyci\u0119zcami Konkursu zostanie 10 (dziesi\u0119ciu) Uczestnik\u00f3w (w ramach ka\u017cdej ze Szk\u00f3\u0142), kt\u00f3rzy w Czasie Trwania Konkursu uzyskaj\u0105 najwi\u0119ksz\u0105 liczb\u0119 punkt\u00f3w w ramach danej Szko\u0142y (dalej \u201e<strong>Zwyci\u0119zcy<\/strong>\u201d).<\/li><li>W razie wyst\u0105pienia sytuacji, w kt\u00f3rej co najmniej dw\u00f3ch lub wi\u0119cej Uczestnik\u00f3w uzyska tak\u0105 sam\u0105 liczb\u0119 punkt\u00f3w zajmuj\u0105c ex aequo miejsce dziesi\u0105te, Organizator b\u0119dzie uprawniony wedle w\u0142asnego wyboru do zastosowania dodatkowego kryterium w postaci czasu zdobycia punkt\u00f3w lub wy\u0142onienia Zwyci\u0119zc\u00f3w oraz przyznania Nagr\u00f3d w liczbie, kt\u00f3ra przekracza 10 (dziesi\u0119ciu) Uczestnik\u00f3w na Szko\u0142\u0119.<\/li><li>Punkty b\u0119d\u0105 przyznawane za odtworzenia przez Uczestnika film\u00f3w publikowanych w panelu dost\u0119pnym po zalogowaniu do Konta Ucze\u0144 w liczbie 5 (pi\u0119\u0107) punkt\u00f3w za pierwszy odtworzony w ca\u0142o\u015bci film w danym dniu. Punkty b\u0119d\u0105 przyznawane Uczestnikom automatycznie w chwili zako\u0144czenia odtwarzania filmu.<\/li><li>Po zako\u0144czonym odtworzeniu filmu, Uczestnik b\u0119dzie m\u00f3g\u0142 wype\u0142ni\u0107 Quiz z 5 (pi\u0119cioma) pytaniami, za kt\u00f3re b\u0119dzie m\u00f3g\u0142 zdoby\u0107 dodatkowe 5 (pi\u0119\u0107) punkt\u00f3w.<\/li><li>Za poprawn\u0105 odpowied\u017a na wszystkie 5 pyta\u0144 w Quizie, Uczestnik otrzyma mo\u017cliwo\u015b\u0107 obejrzenia dodatkowego filmu i zdobycie dodatkowych 5 (punkt\u00f3w)<\/li><li>Ka\u017cdego dnia Uczestnik b\u0119dzie m\u00f3g\u0142 zdoby\u0107 od 0 do 15 (od zera do pi\u0119tnastu) punkt\u00f3w:<\/li><li>Odtworzenie filmu \u2013 5 (pi\u0119\u0107) punkt\u00f3w<\/li><li>Wype\u0142nienie Quizu \u2013 od 0 do 5 (od zera do pi\u0119ciu) punkt\u00f3w<\/li><li>Odtworzenie dodatkowego filmu po poprawnym wype\u0142nieniu Quizu \u2013 5 (pi\u0119\u0107) punkt\u00f3w<\/li><li>Punkty nie b\u0119d\u0105 przyznawane Uczestnikom za ka\u017cde kolejne odtworzenia film\u00f3w w danym dniu, ani za cz\u0119\u015bciowe odtworzenia film\u00f3w.<\/li><li>Organizator zastrzega sobie mo\u017cliwo\u015b\u0107 organizowania w Czasie Trwania Konkursu akcji, w kt\u00f3rych b\u0119dzie przyznawa\u0107 Uczestnikom dodatkowe punkty, np. poprzez zastosowanie mno\u017cnik\u00f3w punkt\u00f3w (dalej \u201e<strong>Akcja<\/strong>\u201d).<\/li><li>Uczestnik zostanie poinformowany o organizacji Akcji ka\u017cdorazowo przed jej rozpocz\u0119ciem poprzez og\u0142oszenie na Portalu, kt\u00f3re b\u0119dzie w szczeg\u00f3lno\u015bci okre\u015bla\u0107 czas trwania Akcji oraz zasady przyznawania dodatkowych punkt\u00f3w Uczestnikom.<\/li><\/ol>\n\n\n\n<h4 class=\"wp-block-heading\"><strong>Nagrody<\/strong><\/h4>\n\n\n\n<ol class=\"wp-block-list\" type=\"1\"><li>Nagrodami dla Zwyci\u0119zc\u00f3w w Konkursie w ramach Szko\u0142y jest \u0142\u0105cznie 10 (dziesi\u0119\u0107) inteligentnych opasek sportowych Huawei Band 4&nbsp;(dalej \u201e<strong>Nagrody<\/strong>\u201d), to jest po 1 (jednej) Nagrodzie dla ka\u017cdego Zwyci\u0119zcy.<\/li><li>Zwyci\u0119zca nie mo\u017ce przekaza\u0107 prawa do Nagrody innej osobie. Nagroda nie podlega zamianie na inn\u0105 nagrod\u0119 rzeczow\u0105, ani na r\u00f3wnowarto\u015b\u0107 pieni\u0119\u017cn\u0105.<\/li><li>Przekazanie Nagr\u00f3d Zwyci\u0119zcom nast\u0105pi w trakcie spotka\u0144 zorganizowanych z udzia\u0142em Organizatora w Szko\u0142ach, do kt\u00f3rych przyporz\u0105dkowane zosta\u0142y Konta Ucze\u0144 Zwyci\u0119zc\u00f3w w terminach uzgodnionych indywidualnie ze Szko\u0142ami.<\/li><li>Zwyci\u0119zcy zostan\u0105 powiadomieni o wygranej w formie wiadomo\u015bci e-mail, kt\u00f3ra zostanie wystosowany na adres Opiekuna, kt\u00f3ry zosta\u0142 przyporz\u0105dkowany do Konta Ucze\u0144 Zwyci\u0119zcy nie p\u00f3\u017aniej ni\u017c w terminie 7 (siedmiu) dni roboczych od dnia zako\u0144czenia Konkursu.<\/li><li>Wraz z informacj\u0105 o wygranej zostanie przekazana szczeg\u00f3\u0142owa informacja opisuj\u0105ca spos\u00f3b przekazania Nagr\u00f3d Zwyci\u0119zcom. Organizator zastrzega, \u017ce przekazanie Nagr\u00f3d b\u0119dzie mo\u017cliwe nie wcze\u015bniej ni\u017c po up\u0142ywie 14 (czternastu) dni roboczych od zako\u0144czenia Konkursu.<\/li><li>Zwyci\u0119zca nieodwo\u0142alnie traci prawo do Nagrody, je\u017celi:<\/li><li>nie spe\u0142nia\u0142 warunk\u00f3w uczestnictwa w chwili przyst\u0105pienia do Konkursu;<\/li><li>naruszy\u0142 postanowienia Regulaminu lub Warunk\u00f3w.<\/li><li>Organizator nie ponosi odpowiedzialno\u015bci za niemo\u017cno\u015b\u0107 wydania Nagr\u00f3d, wynikaj\u0105c\u0105 z braku jej odbioru przez Uczni\u00f3w Szk\u00f3\u0142, kt\u00f3rym zostan\u0105 przyznane Nagrody. W takim przypadku Nagroda pozostaje w\u0142asno\u015bci\u0105 Organizatora i stosownie do jego decyzji, mo\u017ce zosta\u0107 wydana innej Szkole.<\/li><\/ol>\n\n\n\n<h4 class=\"wp-block-heading\"><strong>Dane Osobowe<\/strong><\/h4>\n\n\n\n<p>Informacje na temat przetwarzania danych osobowych os\u00f3b bior\u0105cych udzia\u0142 lub w inny spos\u00f3b uczestnicz\u0105cych w Konkursie mo\u017cna znale\u017a\u0107 w Polityce Prywatno\u015bci.<\/p>\n\n\n\n<h4 class=\"wp-block-heading\"><strong>Reklamacje<\/strong><\/h4>\n\n\n\n<ol class=\"wp-block-list\" type=\"1\"><li>Wszelkie zastrze\u017cenia i reklamacje dotycz\u0105ce Konkursu nale\u017cy zg\u0142asza\u0107 pod adresem mailowym: pomoc@pho3nix-kids.com.<\/li><li>Reklamacja powinna zawiera\u0107: dane identyfikacyjne i dok\u0142adny adres Uczestnika jak r\u00f3wnie\u017c dok\u0142adny opis i wskazanie przyczyny reklamacji oraz \u017c\u0105danie Uczestnika.<\/li><li>Reklamacje rozpatrywane s\u0105 przez Organizatora. Organizator zobowi\u0105zany jest poinformowa\u0107 Uczestnika o sposobie rozpatrzenia reklamacji w terminie 30 (trzydzie\u015bci) dni od daty jej otrzymania.<\/li><\/ol>\n\n\n\n<h4 class=\"wp-block-heading\"><strong>Postanowienia w\u0142a\u015bciwe dla miejsca zamieszkania<\/strong><\/h4>\n\n\n\n<p>Poni\u017cej przedstawiamy postanowienia, kt\u00f3re maj\u0105 zastosowanie, je\u017celi Uczestnik ma miejsce zamieszkania w kraju, w kt\u00f3rym obowi\u0105zuje dane postanowienie:<\/p>\n\n\n\n<figure class=\"wp-block-table\"><table><tbody><tr><td><em>kraj<\/em><\/td><td><em>dodatkowe lub zmodyfikowane postanowienie<\/em><\/td><\/tr><tr><td>&nbsp;<\/td><td>&nbsp;<\/td><\/tr><tr><td>&nbsp;<\/td><td>&nbsp;<\/td><\/tr><tr><td>&nbsp;<\/td><td>&nbsp;<\/td><\/tr><\/tbody><\/table><\/figure>\n\n\n\n<h4 class=\"wp-block-heading\"><strong>Uwagi ko\u0144cowe <\/strong><\/h4>\n\n\n\n<ol class=\"wp-block-list\" type=\"1\"><li>Wy\u0142\u0105czn\u0105 odpowiedzialno\u015b\u0107 za przeprowadzenie Konkursu, w tym przekazanie Nagr\u00f3d ponosi Organizator.<\/li><li>Organizator Konkursu nie ponosi odpowiedzialno\u015bci za:<\/li><li>ewentualne problemy techniczne, w szczeg\u00f3lno\u015bci zwi\u0105zane z dzia\u0142aniem dostawc\u00f3w us\u0142ug internetowych, kt\u00f3re mog\u0142yby mie\u0107 wp\u0142yw na wype\u0142nienie warunk\u00f3w uczestnictwa w Konkursie;<\/li><li>naruszenie przez Uczestnik\u00f3w praw os\u00f3b trzecich;<\/li><li>niemo\u017cno\u015b\u0107 przekazania Nagrody Zwyci\u0119zcy z przyczyn od niego niezale\u017cnych i\/lub le\u017c\u0105cych po stronie Zwyci\u0119zcy;<\/li><li>zdarzenia uniemo\u017cliwiaj\u0105ce prawid\u0142owe przeprowadzenie Konkursu, kt\u00f3rych nie by\u0142 w stanie przewidzie\u0107, lub kt\u00f3rym nie m\u00f3g\u0142 zapobiec, w szczeg\u00f3lno\u015bci w przypadku zaistnienia zdarze\u0144 losowych w tym si\u0142y wy\u017cszej.<\/li><li>Organizator zastrzega sobie prawo do zmiany Regulaminu pod warunkiem, \u017ce taka zmiana nie naruszy praw nabytych jego Uczestnik\u00f3w. Zmiany Regulaminu mog\u0105 wynika\u0107 z przyczyn niezale\u017cnych od Organizatora, kt\u00f3rych nie mo\u017cna by\u0142o przewiedzie\u0107 w chwili og\u0142oszenia Regulaminu, jak r\u00f3wnie\u017c z potrzeby usuni\u0119cia ewentualnych b\u0142\u0119d\u00f3w lub nie\u015bcis\u0142o\u015bci w tre\u015bci Regulaminu. Zmiana obowi\u0105zuje z chwil\u0105 opublikowania zmienionej wersji Regulaminu na Portalu.<\/li><li>Regulamin jest dost\u0119pny na Portalu.<\/li><\/ol>\n\n\n\n<h4 class=\"wp-block-heading\"><strong>Kontakt<\/strong><\/h4>\n\n\n\n<p>Je\u015bli masz pytania lub w\u0105tpliwo\u015bci dotycz\u0105ce Regulaminu, skontaktuj si\u0119 z&nbsp;pomoc@pho3nix-kids.com&nbsp;lub napisz do Organizatora na adres: ul. Smardzewska 21\/4, 60-161 Pozna\u0144, Polska.<\/p>\n","protected":false},"excerpt":{"rendered":"<p>Regulamin Konkursu Postanowienia og\u00f3lne Niniejszy Regulamin (dalej \u201eRegulamin\u201d) okre\u015bla warunki konkursu realizowanego pod nazw\u0105 \u201eKonkurs Miko\u0142ajkowy\u201d (dalej \u201cKonkurs\u201c) b\u0119d\u0105cego cz\u0119\u015bci\u0105 akcji \u201ePho3nix Active School\u201d Konkurs oraz Akcja s\u0105 realizowane za po\u015brednictwem strony internetowej Pho3nix Kids: https:\/\/pho3nix-kids.com\/ (dalej \u201ePortal\u201d). Zasady przetwarzania danych osobowych u\u017cytkownik\u00f3w Portalu oraz Uczestnik\u00f3w Konkursu okre\u015bla polityka prywatno\u015bci Pho3nix udost\u0119pniona na Portalu (dalej [&hellip;]<\/p>\n","protected":false},"author":4,"featured_media":0,"parent":0,"menu_order":0,"comment_status":"closed","ping_status":"closed","template":"","meta":{"_monsterinsights_skip_tracking":false,"_monsterinsights_sitenote_active":false,"_monsterinsights_sitenote_note":"","_monsterinsights_sitenote_category":0,"footnotes":""},"class_list":["post-280","page","type-page","status-publish","hentry"],"acf":[],"_links":{"self":[{"href":"https:\/\/pho3nix-kids.com\/polska\/wp-json\/wp\/v2\/pages\/280","targetHints":{"allow":["GET"]}}],"collection":[{"href":"https:\/\/pho3nix-kids.com\/polska\/wp-json\/wp\/v2\/pages"}],"about":[{"href":"https:\/\/pho3nix-kids.com\/polska\/wp-json\/wp\/v2\/types\/page"}],"author":[{"embeddable":true,"href":"https:\/\/pho3nix-kids.com\/polska\/wp-json\/wp\/v2\/users\/4"}],"replies":[{"embeddable":true,"href":"https:\/\/pho3nix-kids.com\/polska\/wp-json\/wp\/v2\/comments?post=280"}],"version-history":[{"count":5,"href":"https:\/\/pho3nix-kids.com\/polska\/wp-json\/wp\/v2\/pages\/280\/revisions"}],"predecessor-version":[{"id":289,"href":"https:\/\/pho3nix-kids.com\/polska\/wp-json\/wp\/v2\/pages\/280\/revisions\/289"}],"wp:attachment":[{"href":"https:\/\/pho3nix-kids.com\/polska\/wp-json\/wp\/v2\/media?parent=280"}],"curies":[{"name":"wp","href":"https:\/\/api.w.org\/{rel}","templated":true}]}}